ctor of p and q?
15
Let t be (10/(-30))/(2/6). Let v be (-1)/(28/(-42) - t/6). Suppose -v*w - 4*f - 2 = -2*f, 0 = -w + 3*f + 7. Calculate the highest common divisor of w and 8.
1
Let w(k) = -6*k - 5. Let z be w(-5). Let l(t) = 22*t + 1334. Let f be l(-47). What is the highest common factor of z and f?
25
Let n be (15/2)/((8/2)/(-8)). Let j be (n/30)/(1/(-170))*1. What is the highest common divisor of j and 17?
17
Let w be (-15 - 38)/((2/(-4))/1). What is the highest common divisor of 1219 and w?
53
Suppose 145*i = 115*i + 2340. Calculate the highest common divisor of i and 60.
6
Suppose -187*j + 192*j = 25. Suppose -6*f + 116 = -3*f - 4*s, -j*f + 176 = 2*s. Calculate the greatest common divisor of f and 27.
9
Let k be 9717/328 + 6/16. Suppose k*d = 1557 - 297. Calculate the greatest common factor of d and 168.
42
Suppose -3*u = 2*v + 4, v - 3*u = -22 + 2. Suppose -3*k + 25 + 33 = 2*q, -16 = -k - 4*q. Let a = k - v. What is the highest common divisor of 4 and a?
4
Let x(u) = 47*u - 584. Let a be x(28). What is the highest common divisor of a and 12?
12
Suppose u + 5*l = 505, 4*u - 1123 = 2*l + 963. What is the greatest common factor of 650 and u?
130
Suppose 7*g = -4*o + 3*g, -3*o = -2*g. Suppose -11*k + 200 + 75 = o. Suppose 0 = -5*u + k + 50. What is the greatest common divisor of 135 and u?
15
Let k(j) = 13*j + 14. Let p be k(2). Suppose 5*l = p*l - 1050. Calculate the highest common factor of 75 and l.
15
Let j = -299 - -313. Suppose 0 = 2*d - j*d + 132. Calculate the highest common factor of 187 and d.
11
Let i be (5 - 2)*149396/156. Calculate the highest common factor of 51 and i.
17
Let a = -407 - -411. Suppose -4*y + 182 = u, -a*y + 4*u - 31 + 203 = 0. Calculate the greatest common divisor of y and 3.
3
Let i be (133/28*-10)/(2/(-4)). Suppose -4*t + 14 = -62. Let f = 0 + t. Calculate the greatest common divisor of f and i.
19
Let a(x) = -288*x + 4036. Let g be a(14). Calculate the greatest common divisor of 3044 and g.
4
Suppose 0 = -2*o - 0*o + 48. Let v(i) = -8*i + 16. Suppose 227*s = 221*s - 12. Let z be v(s). What is the greatest common factor of z and o?
8
Let d be 81546/20 + 24/(-80). Calculate the greatest common divisor of 135 and d.
27
Let o(u) be the second derivative of -16*u**2 - 4*u + 19/6*u**3 + 0. Let x be o(5). What is the greatest common factor of x and 42?
21
Suppose 34*v = 10674 - 10368. Calculate the highest common factor of 16893 and v.
9
Let l = -21729 + 24868. Calculate the greatest common divisor of l and 516.
43
Let d(p) = -p**3 - 19*p**2 - 58*p + 42. Let w be d(-15). What is the greatest common divisor of 4 and w?
4
Let l(j) be the second derivative of -3*j**5/10 - 3*j**4/4 + j**3 - 227*j. Let t be l(-4). What is the highest common divisor of t and 16?
8
Let q be 4 + 23 + -3 + 2. Suppose -4*a + 39 = 2*x - 45, -a = -2*x - q. Calculate the greatest common divisor of a and 77.
11
Suppose -27*g = 21*g - 6000. What is the highest common divisor of g and 5?
5
Suppose -2*w + 10 = 0, -665 = -5*b - 11*w + 8*w. Let i = b + -127. Let o be 3 + 1 + (i + 0 - -1). Calculate the highest common divisor of 152 and o.
8
Let p(j) = -j**3 - 2*j**2 + 6*j. Suppose -16*d + 16 = 144. Let r be p(d). Calculate the highest common factor of r and 7.
7
Suppose 2*z - 576 + 348 = 0. Let v be ((-2014)/z)/((-2)/6). Calculate the highest common factor of 106 and v.
53
Let m be (-9 - -1)/((-2)/92). Let i(b) = 13*b**2 - 37*b - 674. Let r be i(-6). Calculate the highest common factor of m and r.
16
Let p(x) = 11*x**2 - x - 18. Let l be p(-6). Let u = -209 - -257. Calculate the highest common factor of u and l.
48
Let z(r) = -2*r**3 + 64*r**2 + 2. Let o be z(32). Let n(x) = x**2 + 10*x + 12. Let l be n(-9). What is the greatest common divisor of l and o?
1
Let a = 28 - -44. Let c be (-117)/(-6) - (a/16)/9. What is the highest common factor of 57 and c?
19
Let i = 219 - 365. Let n = i + 100. Let f = n - -120. Calculate the highest common factor of f and 111.
37
Let y = 23 + -11. Let n = y - 8. Suppose -4*i + 127 = -p, -68 = -2*i - 21*p + 17*p. What is the greatest common divisor of n and i?
4
Let s = 10 - 7. Suppose s*y - 17 = 19. Suppose 18*f = f + 68. Calculate the highest common factor of y and f.
4
Suppose 4*h - 2*g - 36 = 0, -167 = -4*h + 5*g - 113. Calculate the greatest common factor of 292 and h.
2
Suppose -12 = -4*k + 2*r - 0*r, -3*k - 4*r = 2. Let d be 231 + -1*2 + k. Suppose 337 - 20 = 35*n - 418. What is the greatest common divisor of d and n?
21
Let w be (-33)/99 + (-10731)/(-9). What is the highest common divisor of 12 and w?
4
Let s be 0 - -14 - (-8 + -40). Calculate the greatest common factor of s and 403.
31
Let w(k) = 26*k**2 + 5*k - 20. Let g(z) = 2*z**3 - 3*z + 3. Let x be g(1). Let p be w(x). Calculate the greatest common factor of 423 and p.
47
Let i(s) = -13*s + 3. Let j be i(-2). Suppose 37*k - 8729 = -6*k. What is the highest common factor of k and j?
29
Suppose -190*k - 9 = -193*k. Suppose -k*a = -175 + 55. Calculate the greatest common divisor of 220 and a.
20
Let n be 2*(-3 + 45)*22/8. Calculate the highest common divisor of 2156 and n.
77
Let i(v) = 48*v**2 - 26*v + 460. Let y be i(10). What is the highest common factor of y and 600?
200
Let w(d) = 3*d**2 + d. Let b be w(2). Let f = -72305 - -72417. What is the greatest common divisor of f and b?
14
Let k(r) = 3*r - 6. Let s be k(1). Let q be s/7 - (-3317)/749. What is the greatest common factor of q and 2?
2
Suppose -591 = 3*q + 3*b, -917 + 129 = 4*q + 2*b. Let x = q + 134. Let y be (-2 - -1)/((1 - -2)/x). What is the greatest common divisor of y and 3?
3
Let k = -5042 + 5146. Calculate the highest common divisor of 234 and k.
26
Suppose -b - 50 = -109*p + 105*p, 0 = 4*p - 20. Suppose -3*x = -6*x + 96. Let z = x + b. Calculate the highest common divisor of z and 8.
2
Let z = -372 - -365. Let q be -3*(z + 40/15). What is the greatest common factor of 611 and q?
13
Let i be -283 - (-3)/((-18)/30). Let g = i + 300. Calculate the greatest common factor of g and 6.
6
Let y(z) = 53*z**3 - 3*z**2 + 7*z - 3. Let x be y(1). Calculate the greatest common divisor of x and 4.
2
Let y = 6789 - 2695. What is the highest common divisor of y and 46?
46
Let b(z) = -52*z - 1426. Let v be b(-33). What is the greatest common divisor of v and 240?
10
Suppose -2*y - 24 - 46 = 0. Suppose 31*t + 49 = 32*t. Let b = y + t. Calculate the greatest common factor of b and 7.
7
Suppose j - 2*f = -j + 94, 50 = j + 2*f. Suppose -13 = 7*d - j. Suppose 5*x - d*s - 60 = 0, -x - 5*s + 90 = 4*x. What is the highest common divisor of x and 15?
15
Suppose 0 = 256*q - 106*q - 117*q - 792. What is the highest common divisor of 5628 and q?
12
Let r be 34*1 - (15 + -15). Let h be (-8)/(-24)*(1 - 1 - 9). Let a be (174 + -4)/(h - -5). What is the greatest common divisor of r and a?
17
Let f(v) = v**3 - 6*v**2 - 390*v - 20. Let k be f(23). Calculate the highest common factor of 2463 and k.
3
Let y = 14 + -8. Let u = 189300 + -189243. What is the greatest common divisor of u and y?
3
Let l = -105 - -110. Suppose t - 297 = -l*v + 5*t, 162 = 3*v + 3*t. What is the highest common divisor of 3 and v?
3
Let y = 91 + -95. Let c = y + 7. Let g be 9*11*5/c. What is the greatest common factor of 33 and g?
33
Let n(a) be the first derivative of -4*a**2 - 93*a + 186. Let d be n(-12). What is the greatest common factor of d and 303?
3
Let c(v) = v**3 - 16*v**2 + 13*v. Let d be c(7). Let j = 392 + d. Calculate the highest common factor of j and 336.
42
Let x(n) = 138*n - 371. Let y be x(3). What is the greatest common factor of y and 5074?
43
Let n be 112/14 + 1*-3. Suppose -2*p + 136 = 3*f - 6*f, n*p = -5*f + 315. What is the greatest common factor of 5 and p?
5
Let m = -191 - -243. Let o(y) = 86*y**2 + 10*y. Let z be o(2). What is the highest common factor of z and m?
52
Let m = 49 - 51. Let b be (1*m - (-27)/9) + 322. Suppose -v + 3*h = -0*h - 307, b = v + h. Calculate the highest common factor of v and 29.
29
Let r = -2186 + 3847. What is the highest common divisor of r and 11?
11
Let l = 4722 + -4626. What is the highest common divisor of 174 and l?
6
Suppose -7*g = -11*g + 260. Suppose -57*t = -g*t + 8. What is the greatest common factor of 13 and t?
1
Suppose 76*r = -54*r + 149*r - 703. Let a be 441/12 - 1/(-4). What i